{"id":1257,"date":"2013-05-19T13:54:33","date_gmt":"2013-05-19T11:54:33","guid":{"rendered":"http:\/\/www.gemeinschaftspraxis-ardeystrasse.de\/wordpress\/?page_id=1257"},"modified":"2025-04-05T12:02:49","modified_gmt":"2025-04-05T10:02:49","slug":"dr-manthey","status":"publish","type":"page","link":"https:\/\/www.gim-witten.de\/wordpress\/ueberuns\/aerzte\/dr-manthey\/","title":{"rendered":"PD Dr. med. Carolin Manthey"},"content":{"rendered":"<table>\n<tbody>\n<tr>\n<td><strong>Fach\u00e4rztin f\u00fcr Innere Medizin und Gastroenterologie (angestellte \u00c4rztin)<\/strong><\/p>\n<table>\n<tbody>\n<tr>\n<td>2000 &#8211; 2008<\/td>\n<td>Studium der Humanmedizin in Freiburg im Breisgau<\/td>\n<\/tr>\n<tr>\n<td>2008 &#8211; 2016<\/td>\n<td>Assistenz\u00e4rztin am Universit\u00e4tsklinikum Hamburg-Eppendorf (UKE)<\/td>\n<\/tr>\n<tr>\n<td>2016 &#8211; 2022<\/td>\n<td>Ober\u00e4rztin der I. Medizinischen Klinik, UKE<\/td>\n<\/tr>\n<tr>\n<td>2022<\/td>\n<td>Leitende Ober\u00e4rztin der I. Medizinischen Klinik, UKE<\/td>\n<\/tr>\n<tr>\n<td>ab 09\/2022<\/td>\n<td>T\u00e4tigkeit in der GIM, Witten, Schwerpunkt: Endoskopie und Chronisch-entz\u00fcndliche Darmerkrankungen<\/td>\n<\/tr>\n<tr>\n<td>2016<\/td>\n<td>Fach\u00e4rztin f\u00fcr Innere Medizin<\/td>\n<\/tr>\n<tr>\n<td>2019<\/td>\n<td>Zusatzbezeichnung Gastroenterologie<\/td>\n<\/tr>\n<\/tbody>\n<\/table>\n<\/td>\n<\/tr>\n<\/tbody>\n<\/table>\n","protected":false},"excerpt":{"rendered":"<p>Fach\u00e4rztin f\u00fcr Innere Medizin und Gastroenterologie (angestellte \u00c4rztin) 2000 &#8211; 2008 Studium der Humanmedizin in Freiburg im Breisgau 2008 &#8211; 2016 Assistenz\u00e4rztin am Universit\u00e4tsklinikum Hamburg-Eppendorf (UKE) 2016 &#8211; 2022 Ober\u00e4rztin der I. Medizinischen Klinik, UKE 2022 Leitende Ober\u00e4rztin der I.&hellip; <\/p>\n","protected":false},"author":1,"featured_media":4257,"parent":568,"menu_order":0,"comment_status":"closed","ping_status":"closed","template":"","meta":{"footnotes":""},"class_list":["post-1257","page","type-page","status-publish","has-post-thumbnail","hentry"],"_links":{"self":[{"href":"https:\/\/www.gim-witten.de\/wordpress\/wp-json\/wp\/v2\/pages\/1257","targetHints":{"allow":["GET"]}}],"collection":[{"href":"https:\/\/www.gim-witten.de\/wordpress\/wp-json\/wp\/v2\/pages"}],"about":[{"href":"https:\/\/www.gim-witten.de\/wordpress\/wp-json\/wp\/v2\/types\/page"}],"author":[{"embeddable":true,"href":"https:\/\/www.gim-witten.de\/wordpress\/wp-json\/wp\/v2\/users\/1"}],"replies":[{"embeddable":true,"href":"https:\/\/www.gim-witten.de\/wordpress\/wp-json\/wp\/v2\/comments?post=1257"}],"version-history":[{"count":34,"href":"https:\/\/www.gim-witten.de\/wordpress\/wp-json\/wp\/v2\/pages\/1257\/revisions"}],"predecessor-version":[{"id":4306,"href":"https:\/\/www.gim-witten.de\/wordpress\/wp-json\/wp\/v2\/pages\/1257\/revisions\/4306"}],"up":[{"embeddable":true,"href":"https:\/\/www.gim-witten.de\/wordpress\/wp-json\/wp\/v2\/pages\/568"}],"wp:featuredmedia":[{"embeddable":true,"href":"https:\/\/www.gim-witten.de\/wordpress\/wp-json\/wp\/v2\/media\/4257"}],"wp:attachment":[{"href":"https:\/\/www.gim-witten.de\/wordpress\/wp-json\/wp\/v2\/media?parent=1257"}],"curies":[{"name":"wp","href":"https:\/\/api.w.org\/{rel}","templated":true}]}}

<table>
<tbody>
<tr>
<td><strong>Fachärztin für Innere Medizin und Gastroenterologie (angestellte Ärztin)</strong></p>
<table>
<tbody>
<tr>
<td>2000 &#8211; 2008</td>
<td>Studium der Humanmedizin in Freiburg im Breisgau</td>
</tr>
<tr>
<td>2008 &#8211; 2016</td>
<td>Assistenzärztin am Universitätsklinikum Hamburg-Eppendorf (UKE)</td>
</tr>
<tr>
<td>2016 &#8211; 2022</td>
<td>Oberärztin der I. Medizinischen Klinik, UKE</td>
</tr>
<tr>
<td>2022</td>
<td>Leitende Oberärztin der I. Medizinischen Klinik, UKE</td>
</tr>
<tr>
<td>ab 09/2022</td>
<td>Tätigkeit in der GIM, Witten, Schwerpunkt: Endoskopie und Chronisch-entzündliche Darmerkrankungen</td>
</tr>
<tr>
<td>2016</td>
<td>Fachärztin für Innere Medizin</td>
</tr>
<tr>
<td>2019</td>
<td>Zusatzbezeichnung Gastroenterologie</td>
</tr>
</tbody>
</table>
</td>
</tr>
</tbody>
</table>

<p>Fachärztin für Innere Medizin und Gastroenterologie (angestellte Ärztin) 2000 &#8211; 2008 Studium der Humanmedizin in Freiburg im Breisgau 2008 &#8211; 2016 Assistenzärztin am Universitätsklinikum Hamburg-Eppendorf (UKE) 2016 &#8211; 2022 Oberärztin der I. Medizinischen Klinik, UKE 2022 Leitende Oberärztin der I.&hellip; </p>
