{"id":1981,"date":"2013-09-21T16:34:17","date_gmt":"2013-09-21T14:34:17","guid":{"rendered":"http:\/\/www.gemeinschaftspraxis-ardeystrasse.de\/wordpress\/?page_id=1981"},"modified":"2020-10-10T17:38:52","modified_gmt":"2020-10-10T15:38:52","slug":"immun-apherese","status":"publish","type":"page","link":"https:\/\/www.gim-witten.de\/wordpress\/dialyse\/h-e-l-p\/immun-apherese\/","title":{"rendered":"Immun-Apherese"},"content":{"rendered":"<p>Die Immunapherese stellt ein extrakorporales Behandlungsverfahren zur Entfernung von Immunglobulinen dar.<br \/>\nSie findet Anwendung<\/p>\n<ul>\n<li>bei neurologischen Erkrankungen wie Myasthenia gravis oder Guillain-Barr\u00e9-Syndrom<\/li>\n<li>bei rheumatologischen Erkrankungen, wenn bei prim\u00e4r chronischer Polyarthritis eine medikament\u00f6se Therapie versagt<\/li>\n<li>in speziellen F\u00e4llen auch bei h\u00e4matologischen Erkrankungen.<\/li>\n<\/ul>\n<p>Die Myasthenia gravis ist eine Autoimmunerkrankung. Charakeristisch ist eine belastungsabh\u00e4ngige Schw\u00e4che einzelner Muskelgruppen.<br \/>\nDas Guillain-Barr\u00e9-Syndrom ist eine akute Nervenentz\u00fcndung mit fortschreitendem Verlauf bis zur L\u00e4hmung. Sie tritt typischerweise im Anschluss an einen Infekt der oberen Atemwege oder des gastrointestinalen Traktes auf. Sie \u00e4u\u00dfert sich mit Missempfindungen in F\u00fc\u00dfen und H\u00e4nden, aufsteigender Muskelschw\u00e4che bis hin zur L\u00e4hmung der Atemmuskulatur mit Atemversagen.<\/p>\n<p>Ein weiteres Anwendungsgebiet der Immunapherese ist die rheumatoide Arthritis.<\/p>\n<p>Eine Reihe von Bluterkrankungen werden durch immunologische Mechanismen verursacht. Die Bildung von Autoantik\u00f6rpern gegen ein bestimmtes Protein st\u00f6ren seine Funktion und k\u00f6nnen im Extremfall f\u00fcr den Patienten lebensbedrohlich werden.<br \/>\nAuch bei Antik\u00f6rperbildung im Rahmen einer H\u00e4mophilie-Therapie kann die Immunapherese sehr gute Behandlungsergebnisse bringen.<\/p>\n","protected":false},"excerpt":{"rendered":"<p>Die Immunapherese stellt ein extrakorporales Behandlungsverfahren zur Entfernung von Immunglobulinen dar. Sie findet Anwendung bei neurologischen Erkrankungen wie Myasthenia gravis oder Guillain-Barr\u00e9-Syndrom bei rheumatologischen Erkrankungen, wenn bei prim\u00e4r chronischer Polyarthritis eine medikament\u00f6se Therapie versagt in speziellen F\u00e4llen auch bei h\u00e4matologischen&hellip; <\/p>\n","protected":false},"author":1,"featured_media":2386,"parent":1976,"menu_order":2,"comment_status":"closed","ping_status":"closed","template":"","meta":{"footnotes":""},"class_list":["post-1981","page","type-page","status-publish","has-post-thumbnail","hentry"],"_links":{"self":[{"href":"https:\/\/www.gim-witten.de\/wordpress\/wp-json\/wp\/v2\/pages\/1981","targetHints":{"allow":["GET"]}}],"collection":[{"href":"https:\/\/www.gim-witten.de\/wordpress\/wp-json\/wp\/v2\/pages"}],"about":[{"href":"https:\/\/www.gim-witten.de\/wordpress\/wp-json\/wp\/v2\/types\/page"}],"author":[{"embeddable":true,"href":"https:\/\/www.gim-witten.de\/wordpress\/wp-json\/wp\/v2\/users\/1"}],"replies":[{"embeddable":true,"href":"https:\/\/www.gim-witten.de\/wordpress\/wp-json\/wp\/v2\/comments?post=1981"}],"version-history":[{"count":7,"href":"https:\/\/www.gim-witten.de\/wordpress\/wp-json\/wp\/v2\/pages\/1981\/revisions"}],"predecessor-version":[{"id":2243,"href":"https:\/\/www.gim-witten.de\/wordpress\/wp-json\/wp\/v2\/pages\/1981\/revisions\/2243"}],"up":[{"embeddable":true,"href":"https:\/\/www.gim-witten.de\/wordpress\/wp-json\/wp\/v2\/pages\/1976"}],"wp:featuredmedia":[{"embeddable":true,"href":"https:\/\/www.gim-witten.de\/wordpress\/wp-json\/wp\/v2\/media\/2386"}],"wp:attachment":[{"href":"https:\/\/www.gim-witten.de\/wordpress\/wp-json\/wp\/v2\/media?parent=1981"}],"curies":[{"name":"wp","href":"https:\/\/api.w.org\/{rel}","templated":true}]}}