{"id":2533,"date":"2014-05-14T21:43:27","date_gmt":"2014-05-14T19:43:27","guid":{"rendered":"http:\/\/www.gemeinschaftspraxis-ardeystrasse.de\/?page_id=2533"},"modified":"2020-10-21T15:52:16","modified_gmt":"2020-10-21T13:52:16","slug":"krankengeschichte","status":"publish","type":"page","link":"https:\/\/www.gim-witten.de\/wordpress\/service\/krankengeschichte\/","title":{"rendered":"Krankengeschichte"},"content":{"rendered":"<div id=\"linkespalte\">Sie haben einen Termin in unserer Praxis. Um Ihre heutige Krankheitssituation zutreffend einsch\u00e4tzen zu k\u00f6nnen, ist es f\u00fcr uns wichtig, die Vorgeschichte Ihrer Krankheit zu kennen.<br \/>\nDazu ist es f\u00fcr Sie und uns hilfreich, wenn Sie sich anhand unseres Fragebogens auf Ihren Arztbesuch vorbereiten.<\/div>\n<p>Sie k\u00f6nnen ihn als Formular hier direkt als PDF-Datei down loaden und in Ruhe zu Hause ausf\u00fcllen:<\/p>\n<p><a href=\"https:\/\/www.gim-witten.de\/wordpress\/wp-content\/uploads\/Angaben_zur_Krankengeschichte-1.pdf\">Angaben_zur_Krankengeschichte<\/a> (Acrobat Reader notwendig)<\/p>\n<p>&nbsp;<\/p>\n","protected":false},"excerpt":{"rendered":"<p>Sie haben einen Termin in unserer Praxis. Um Ihre heutige Krankheitssituation zutreffend einsch\u00e4tzen zu k\u00f6nnen, ist es f\u00fcr uns wichtig, die Vorgeschichte Ihrer Krankheit zu kennen. Dazu ist es f\u00fcr Sie und uns hilfreich, wenn Sie sich anhand unseres Fragebogens&hellip; <\/p>\n","protected":false},"author":1,"featured_media":1638,"parent":327,"menu_order":9,"comment_status":"closed","ping_status":"closed","template":"","meta":{"footnotes":""},"class_list":["post-2533","page","type-page","status-publish","has-post-thumbnail","hentry"],"_links":{"self":[{"href":"https:\/\/www.gim-witten.de\/wordpress\/wp-json\/wp\/v2\/pages\/2533","targetHints":{"allow":["GET"]}}],"collection":[{"href":"https:\/\/www.gim-witten.de\/wordpress\/wp-json\/wp\/v2\/pages"}],"about":[{"href":"https:\/\/www.gim-witten.de\/wordpress\/wp-json\/wp\/v2\/types\/page"}],"author":[{"embeddable":true,"href":"https:\/\/www.gim-witten.de\/wordpress\/wp-json\/wp\/v2\/users\/1"}],"replies":[{"embeddable":true,"href":"https:\/\/www.gim-witten.de\/wordpress\/wp-json\/wp\/v2\/comments?post=2533"}],"version-history":[{"count":8,"href":"https:\/\/www.gim-witten.de\/wordpress\/wp-json\/wp\/v2\/pages\/2533\/revisions"}],"predecessor-version":[{"id":3863,"href":"https:\/\/www.gim-witten.de\/wordpress\/wp-json\/wp\/v2\/pages\/2533\/revisions\/3863"}],"up":[{"embeddable":true,"href":"https:\/\/www.gim-witten.de\/wordpress\/wp-json\/wp\/v2\/pages\/327"}],"wp:featuredmedia":[{"embeddable":true,"href":"https:\/\/www.gim-witten.de\/wordpress\/wp-json\/wp\/v2\/media\/1638"}],"wp:attachment":[{"href":"https:\/\/www.gim-witten.de\/wordpress\/wp-json\/wp\/v2\/media?parent=2533"}],"curies":[{"name":"wp","href":"https:\/\/api.w.org\/{rel}","templated":true}]}}

<div id="linkespalte">Sie haben einen Termin in unserer Praxis. Um Ihre heutige Krankheitssituation zutreffend einschätzen zu können, ist es für uns wichtig, die Vorgeschichte Ihrer Krankheit zu kennen.<br />
Dazu ist es für Sie und uns hilfreich, wenn Sie sich anhand unseres Fragebogens auf Ihren Arztbesuch vorbereiten.</div>
<p>Sie können ihn als Formular hier direkt als PDF-Datei down loaden und in Ruhe zu Hause ausfüllen:</p>
<p><a href="https://www.gim-witten.de/wordpress/wp-content/uploads/Angaben_zur_Krankengeschichte-1.pdf">Angaben_zur_Krankengeschichte</a> (Acrobat Reader notwendig)</p>
<p>&nbsp;</p>

<p>Sie haben einen Termin in unserer Praxis. Um Ihre heutige Krankheitssituation zutreffend einschätzen zu können, ist es für uns wichtig, die Vorgeschichte Ihrer Krankheit zu kennen. Dazu ist es für Sie und uns hilfreich, wenn Sie sich anhand unseres Fragebogens&hellip; </p>
