{"id":322,"date":"2011-02-13T18:13:15","date_gmt":"2011-02-13T17:13:15","guid":{"rendered":"http:\/\/localhost\/wordpress\/"},"modified":"2020-10-10T17:38:06","modified_gmt":"2020-10-10T15:38:06","slug":"help","status":"publish","type":"page","link":"https:\/\/www.gim-witten.de\/wordpress\/dialyse\/h-e-l-p\/help\/","title":{"rendered":"LDL-Apherese"},"content":{"rendered":"<p><strong>LDL-Apherese bei KHK und Herzinfarkt<br \/>\n<\/strong><\/p>\n<p>Die LDL-Apherese spielt eine besondere Rolle bei Durchblutungsst\u00f6rungen wie zum Beispiel nach einem Herzinfarkt bei einer koronaren Herzkrankheit (KHK).<\/p>\n<p>Liegt neben der KHK durch eine schwere di\u00e4tetisch und medikament\u00f6s nicht einstellbare Fettstoffwechselst\u00f6rung vor, dient die Apheresebehandlung der Vorbeugung, um weitere Komplikationen der lebensbedrohlichen Durchblutungsst\u00f6rungen zu verhindern (Sekund\u00e4rprophylaxe).<br \/>\nDurch die Reinigung des Blutes wird der Cholesteringehalt (LDL-Cholesterin) gesenkt.<br \/>\nAuch andere Substanzen wie das Lp(a) und Fibrinogen, die ebenfalls gef\u00e4\u00dfsch\u00e4digend wirken, werden aus dem Blut gefiltert. Die Flie\u00dfeigenschaft des Blutes wird verbessert und somit die Durchblutung der einzelnen Organe gef\u00f6rdert.<br \/>\nVielfach konnten auch schon bestehende Gef\u00e4\u00dfverkalkungen wieder r\u00fcckg\u00e4ngig gemacht werden.<\/p>\n<p><strong>LDL-Apherese bei Zentralarterienverschluss im Auge<\/strong><\/p>\n<p>H\u00e4ufig kommt es im Rahmen von St\u00f6rungen des Gerinnungssystems zu einem akuten Gef\u00e4\u00dfverschluss, dann besonders im Endstromgebiet. Die LDL-Apherese vermag bei frischem Verschluss der Zentralarterie im Auge diesen zu beseitigen und somit eine Erblindung zu verhindern.<\/p>\n<p><strong>LDL-Apherese bei diabetischem Fu\u00df<br \/>\n<\/strong><br \/>\nAuch f\u00fcr die Behandlung des diabetischen Fu\u00dfes ist die Entfernung von Produkten des Fettstoffwechsels wie LDL, Fibrinogen, Crp etc. bedeutend. Die Durchblutung der kleinen und kleinsten Gef\u00e4\u00dfe wird wieder erm\u00f6glicht und bestehende Entz\u00fcndungen werden zur\u00fcckgedr\u00e4ngt. Untersuchungsergebnisse haben gezeigt, dass bei Patienten mit diabetischem Fu\u00dfsyndrom Amputationen vermieden werden k\u00f6nnen und bestehende Wunden schneller abheilen.<\/p>\n","protected":false},"excerpt":{"rendered":"<p>LDL-Apherese bei KHK und Herzinfarkt Die LDL-Apherese spielt eine besondere Rolle bei Durchblutungsst\u00f6rungen wie zum Beispiel nach einem Herzinfarkt bei einer koronaren Herzkrankheit (KHK). Liegt neben der KHK durch eine schwere di\u00e4tetisch und medikament\u00f6s nicht einstellbare Fettstoffwechselst\u00f6rung vor, dient die&hellip; <\/p>\n","protected":false},"author":1,"featured_media":2387,"parent":1976,"menu_order":1,"comment_status":"closed","ping_status":"closed","template":"","meta":{"footnotes":""},"class_list":["post-322","page","type-page","status-publish","has-post-thumbnail","hentry"],"_links":{"self":[{"href":"https:\/\/www.gim-witten.de\/wordpress\/wp-json\/wp\/v2\/pages\/322","targetHints":{"allow":["GET"]}}],"collection":[{"href":"https:\/\/www.gim-witten.de\/wordpress\/wp-json\/wp\/v2\/pages"}],"about":[{"href":"https:\/\/www.gim-witten.de\/wordpress\/wp-json\/wp\/v2\/types\/page"}],"author":[{"embeddable":true,"href":"https:\/\/www.gim-witten.de\/wordpress\/wp-json\/wp\/v2\/users\/1"}],"replies":[{"embeddable":true,"href":"https:\/\/www.gim-witten.de\/wordpress\/wp-json\/wp\/v2\/comments?post=322"}],"version-history":[{"count":17,"href":"https:\/\/www.gim-witten.de\/wordpress\/wp-json\/wp\/v2\/pages\/322\/revisions"}],"predecessor-version":[{"id":2479,"href":"https:\/\/www.gim-witten.de\/wordpress\/wp-json\/wp\/v2\/pages\/322\/revisions\/2479"}],"up":[{"embeddable":true,"href":"https:\/\/www.gim-witten.de\/wordpress\/wp-json\/wp\/v2\/pages\/1976"}],"wp:featuredmedia":[{"embeddable":true,"href":"https:\/\/www.gim-witten.de\/wordpress\/wp-json\/wp\/v2\/media\/2387"}],"wp:attachment":[{"href":"https:\/\/www.gim-witten.de\/wordpress\/wp-json\/wp\/v2\/media?parent=322"}],"curies":[{"name":"wp","href":"https:\/\/api.w.org\/{rel}","templated":true}]}}