{"id":327,"date":"2011-02-13T18:15:12","date_gmt":"2011-02-13T17:15:12","guid":{"rendered":"http:\/\/localhost\/wordpress\/"},"modified":"2022-10-28T21:07:36","modified_gmt":"2022-10-28T19:07:36","slug":"service","status":"publish","type":"page","link":"https:\/\/www.gim-witten.de\/wordpress\/service\/","title":{"rendered":"SERVICE"},"content":{"rendered":"<p>Wir stellen Ihnen folgende Informationen zur Verf\u00fcgung:<\/p>\n<ul>\n<li>Sprachkenntnisse: Arabisch, Deutsch, Englisch, Franz\u00f6sisch, Griechisch, Italienisch, Kurdisch, Polnisch, T\u00fcrkisch<\/li>\n<li>Sprechstundenzeiten<\/li>\n<li>Termine<\/li>\n<li>Rezeptanfragen<\/li>\n<li>Anfahrt<\/li>\n<li>Sitemap<\/li>\n<li>Stellenangebote<\/li>\n<\/ul>\n<p>&nbsp;<\/p>\n","protected":false},"excerpt":{"rendered":"<p>Wir stellen Ihnen folgende Informationen zur Verf\u00fcgung: Sprachkenntnisse: Arabisch, Deutsch, Englisch, Franz\u00f6sisch, Griechisch, Italienisch, Kurdisch, Polnisch, T\u00fcrkisch Sprechstundenzeiten Termine Rezeptanfragen Anfahrt Sitemap Stellenangebote &nbsp;<\/p>\n","protected":false},"author":1,"featured_media":4165,"parent":0,"menu_order":50,"comment_status":"closed","ping_status":"closed","template":"","meta":{"footnotes":""},"class_list":["post-327","page","type-page","status-publish","has-post-thumbnail","hentry"],"_links":{"self":[{"href":"https:\/\/www.gim-witten.de\/wordpress\/wp-json\/wp\/v2\/pages\/327","targetHints":{"allow":["GET"]}}],"collection":[{"href":"https:\/\/www.gim-witten.de\/wordpress\/wp-json\/wp\/v2\/pages"}],"about":[{"href":"https:\/\/www.gim-witten.de\/wordpress\/wp-json\/wp\/v2\/types\/page"}],"author":[{"embeddable":true,"href":"https:\/\/www.gim-witten.de\/wordpress\/wp-json\/wp\/v2\/users\/1"}],"replies":[{"embeddable":true,"href":"https:\/\/www.gim-witten.de\/wordpress\/wp-json\/wp\/v2\/comments?post=327"}],"version-history":[{"count":18,"href":"https:\/\/www.gim-witten.de\/wordpress\/wp-json\/wp\/v2\/pages\/327\/revisions"}],"predecessor-version":[{"id":3162,"href":"https:\/\/www.gim-witten.de\/wordpress\/wp-json\/wp\/v2\/pages\/327\/revisions\/3162"}],"wp:featuredmedia":[{"embeddable":true,"href":"https:\/\/www.gim-witten.de\/wordpress\/wp-json\/wp\/v2\/media\/4165"}],"wp:attachment":[{"href":"https:\/\/www.gim-witten.de\/wordpress\/wp-json\/wp\/v2\/media?parent=327"}],"curies":[{"name":"wp","href":"https:\/\/api.w.org\/{rel}","templated":true}]}}