{"id":570,"date":"2012-09-27T16:08:39","date_gmt":"2012-09-27T14:08:39","guid":{"rendered":"http:\/\/localhost\/wordpress\/?page_id=570"},"modified":"2026-03-03T18:14:42","modified_gmt":"2026-03-03T17:14:42","slug":"mitarbeiter","status":"publish","type":"page","link":"https:\/\/www.gim-witten.de\/wordpress\/ueberuns\/mitarbeiter\/","title":{"rendered":"Teamleitungen"},"content":{"rendered":"<p>In Praxis und Dialysezentrum k\u00fcmmern sich mit dem \u00c4rzteteam ein gewachsenes, kompetentes Team freundlicher und organisationserfahrener Arzthelferinnen, examinierter Krankenschwestern und \u2013pfleger mit langj\u00e4hriger Erfahrung in den verschiedenen Behandlungsverfahren. Begleitend dazu umsorgen viele \u201egute Geister\u201c die betriebliche Organisation um unsere Patientinnen und Patienten.<br \/>\nIhre Lebensqualit\u00e4t, Sicherheit und Wohlbefinden sind der Ma\u00dfstab f\u00fcr die Qualit\u00e4t unserer Arbeit.<\/p>\n<p>Bei uns erwartet Sie eine angenehme und famili\u00e4re Atmosph\u00e4re.<br \/>\nWir freuen uns darauf, Sie pers\u00f6nlich kennenzulernen.<\/p>\n","protected":false},"excerpt":{"rendered":"<p>In Praxis und Dialysezentrum k\u00fcmmern sich mit dem \u00c4rzteteam ein gewachsenes, kompetentes Team freundlicher und organisationserfahrener Arzthelferinnen, examinierter Krankenschwestern und \u2013pfleger mit langj\u00e4hriger Erfahrung in den verschiedenen Behandlungsverfahren. Begleitend dazu umsorgen viele \u201egute Geister\u201c die betriebliche Organisation um unsere Patientinnen&hellip; <\/p>\n","protected":false},"author":1,"featured_media":0,"parent":297,"menu_order":2,"comment_status":"closed","ping_status":"closed","template":"","meta":{"footnotes":""},"class_list":["post-570","page","type-page","status-publish","hentry"],"_links":{"self":[{"href":"https:\/\/www.gim-witten.de\/wordpress\/wp-json\/wp\/v2\/pages\/570","targetHints":{"allow":["GET"]}}],"collection":[{"href":"https:\/\/www.gim-witten.de\/wordpress\/wp-json\/wp\/v2\/pages"}],"about":[{"href":"https:\/\/www.gim-witten.de\/wordpress\/wp-json\/wp\/v2\/types\/page"}],"author":[{"embeddable":true,"href":"https:\/\/www.gim-witten.de\/wordpress\/wp-json\/wp\/v2\/users\/1"}],"replies":[{"embeddable":true,"href":"https:\/\/www.gim-witten.de\/wordpress\/wp-json\/wp\/v2\/comments?post=570"}],"version-history":[{"count":22,"href":"https:\/\/www.gim-witten.de\/wordpress\/wp-json\/wp\/v2\/pages\/570\/revisions"}],"predecessor-version":[{"id":4361,"href":"https:\/\/www.gim-witten.de\/wordpress\/wp-json\/wp\/v2\/pages\/570\/revisions\/4361"}],"up":[{"embeddable":true,"href":"https:\/\/www.gim-witten.de\/wordpress\/wp-json\/wp\/v2\/pages\/297"}],"wp:attachment":[{"href":"https:\/\/www.gim-witten.de\/wordpress\/wp-json\/wp\/v2\/media?parent=570"}],"curies":[{"name":"wp","href":"https:\/\/api.w.org\/{rel}","templated":true}]}}