{"id":572,"date":"2012-09-27T16:09:49","date_gmt":"2012-09-27T14:09:49","guid":{"rendered":"http:\/\/localhost\/wordpress\/?page_id=572"},"modified":"2020-10-10T17:33:09","modified_gmt":"2020-10-10T15:33:09","slug":"presse","status":"publish","type":"page","link":"https:\/\/www.gim-witten.de\/wordpress\/ueberuns\/presse\/","title":{"rendered":"Presse\/Studien"},"content":{"rendered":"<p><strong>Presseartikel<\/strong><\/p>\n<ul>\n<li><a href=\"http:\/\/www.derwesten.de\/staedte\/witten\/evk-investierte-3-5-millionen-euro-in-neues-aerztehaus-id11948553.html\" target=\"_blank\" rel=\"noopener noreferrer\">Umzug in neue Praxisr\u00e4ume<\/a>, WAZ 24.06.16 (Link)<\/li>\n<li><a href=\"http:\/\/www.evk-witten.de\/?id=35886&amp;img=3#e35888\" target=\"_blank\" rel=\"noopener noreferrer\">Grundsteinlegung Neue Praxis am Evangelischen Diakonissenkrankenhaus<\/a><\/li>\n<li><a href=\"http:\/\/gemeinschaftspraxis-ardeystrasse.de\/wordpress\/wp-content\/uploads\/Seite7Final.pdf\">Neue kardiologische Anlaufstelle, <\/a>aus &#8222;Witten Transparent&#8220;, Ausgabe Februar 2015 (Pdf- Dokument)<\/li>\n<li><a href=\"http:\/\/www.derwesten.de\/staedte\/witten\/ev-krankenhaus-witten-baut-ein-aerztehaus-id10052179.html\">\u00c4rztehaus am Evangelischen Krankenhaus<\/a>, WAZ 19.11.2014 (Link)<\/li>\n<li><a href=\"http:\/\/www.gim-witten.de\/wordpress\/wp-content\/uploads\/140919-PM-Medizin-konkret-Tumortherapie.pdf\">Medizin konkret, Tumortherapie<\/a>,\u00a0 Pressemitteilung 19.09.2014 (Pdf- Dokument)<\/li>\n<li><a href=\"http:\/\/www.gim-witten.de\/wordpress\/wp-content\/uploads\/25jahredialyse-waz-4.9.14.pdf\">25 Jahre Dialyse,<\/a> aus WAZ 04.09.2014<\/li>\n<li><a href=\"http:\/\/www.gim-witten.de\/wordpress\/wp-content\/uploads\/betriebbewegung.pdf\">Projekt &#8222;Betrieb in Bewegung&#8220;<\/a> , aus &#8222;physiotherapie&#8220; Ausgabe 05\/2014<\/li>\n<li><a href=\"http:\/\/www.gim-witten.de\/wordpress\/wp-content\/uploads\/rotbuche-5.7.14-wit-aktuell.pdf\">Praxis pflanzt Rotbuche, <\/a>aus &#8222;Witten Aktuell&#8220; vom 05.07.2014<\/li>\n<li><a href=\"http:\/\/www.gim-witten.de\/wordpress\/wp-content\/uploads\/rotbuche23-wit-transparent.pdf\">Baumpflanzung zum 25j\u00e4hrigen Jubil\u00e4um<\/a> , aus &#8222;Witten Transparent&#8220; Ausgabe Juli\/August 2014<\/li>\n<li><a href=\"http:\/\/www.gim-witten.de\/wordpress\/wp-content\/uploads\/BegleitungamLenbensende.pdf\" target=\"new\" rel=\"noopener noreferrer\">Onkologischer Notfall, <\/a>aus &#8222;Witten Transparent&#8220;, Ausgabe Mai 2014 (Pdf- Dokument)<\/li>\n<li><a href=\"http:\/\/www.gim-witten.de\/wordpress\/wp-content\/uploads\/ArtikelMarkusKnittelMai2014.pdf\" target=\"_blank\" rel=\"noopener noreferrer\">Notfall akutes Nierenversagen<\/a>, aus &#8222;Witten Transparent&#8220;, Ausgabe Mai 2014 (Pdf- Dokument)<\/li>\n<li><a href=\"http:\/\/www.gim-witten.de\/wordpress\/wp-content\/uploads\/ArtikelDrJacquelineRauh.pdf\">Selbstdiagnose Lymphknotenschwellung<\/a>, aus &#8222;Witten Transparent&#8220;, Ausgabe M\u00e4rz 2014 (Pdf- Dokument)<\/li>\n<li><a href=\"http:\/\/www.gim-witten.de\/wordpress\/wp-content\/uploads\/ArtikelMarkusKnittel.pdf\">Selbstdiagnose bei Nierenbeschwerden<\/a>, aus &#8222;Witten Transparent&#8220;, Ausgabe M\u00e4rz 2014 (Pdf- Dokument)<\/li>\n<li><a href=\"http:\/\/www.gim-witten.de\/wordpress\/wp-content\/uploads\/BegleitungamLenbensende.pdf\" target=\"new\" rel=\"noopener noreferrer\">Begleitung am Lebensende<\/a>, aus &#8222;Witten Transparent&#8220;, Ausgabe Januar 2014 (Pdf- Dokument)<\/li>\n<li><a href=\"http:\/\/www.gim-witten.de\/wordpress\/wp-content\/uploads\/Artikel-Kopfhautk\u00fchlung-Senologie-Zeitschrift.pdf\">Artikel Kopfhautk\u00fchlung <\/a>, aus &#8222;Senologie Zeitschrift&#8220;, 10\/2013, Thieme-Verlag (Pdf- Dokument)<\/li>\n<\/ul>\n<p><strong>Studien<\/strong><\/p>\n<ul>\n<li><a href=\"https:\/\/www.gim-witten.de\/wordpress\/wp-content\/uploads\/Manuskript-Version-1.2-Long-term-DFPP-for-sHTG.pdf\">Studie: Long-term DFPP for sHTG<\/a><\/li>\n<li><a href=\"http:\/\/www.gim-witten.de\/wordpress\/wp-content\/uploads\/Final-Results-of-the-AIO-0307-Study.pdf\">Studie: Final Results of the AIO 0307 Study<\/a><\/li>\n<li><a href=\"http:\/\/www.gim-witten.de\/wordpress\/wp-content\/uploads\/Dr-Rauh-Behandlung-An\u00e4mie.pdf\">Sudie: Behandlung An\u00e4mie<\/a><\/li>\n<\/ul>\n<p><strong>Projektarbeiten<\/strong><\/p>\n<ul>\n<li><a href=\"http:\/\/www.gim-witten.de\/wordpress\/wp-content\/uploads\/Projektarbeit_Oettmeier_kurz.pdf\">Intensivierte Ern\u00e4hrungsberatung bei einer ausgew\u00e4hlten Gruppe von Dialysepatienten mit einer Eiwei\u00dfmangelern\u00e4hrung<\/a><br \/>\n(erstellt von unserer Mitarbeiterin Meike Oettmeier,<br \/>\n2013 honoriert mit dem &#8222;Nachwuchspreis des Fachverbandes nephrologischer Berufsgruppen&#8220;)<\/p>\n<p><div id=\"attachment_2530\" style=\"width: 310px\" class=\"wp-caption alignleft\"><img loading=\"lazy\" decoding=\"async\" aria-describedby=\"caption-attachment-2530\" class=\"wp-image-2530 size-medium\" src=\"http:\/\/www.gim-witten.de\/wordpress\/wp-content\/uploads\/preisverleihung-300x200.jpg\" alt=\"preisverleihung\" width=\"300\" height=\"200\" srcset=\"https:\/\/www.gim-witten.de\/wordpress\/wp-content\/uploads\/preisverleihung-300x200.jpg 300w, https:\/\/www.gim-witten.de\/wordpress\/wp-content\/uploads\/preisverleihung.jpg 639w\" sizes=\"auto, (max-width: 300px) 100vw, 300px\" \/><p id=\"caption-attachment-2530\" class=\"wp-caption-text\">Presiverleihung an Meike Ottmeier<\/p><\/div><\/li>\n<\/ul>\n<p>&nbsp;<\/p>\n","protected":false},"excerpt":{"rendered":"<p>Presseartikel Umzug in neue Praxisr\u00e4ume, WAZ 24.06.16 (Link) Grundsteinlegung Neue Praxis am Evangelischen Diakonissenkrankenhaus Neue kardiologische Anlaufstelle, aus &#8222;Witten Transparent&#8220;, Ausgabe Februar 2015 (Pdf- Dokument) \u00c4rztehaus am Evangelischen Krankenhaus, WAZ 19.11.2014 (Link) Medizin konkret, Tumortherapie,\u00a0 Pressemitteilung 19.09.2014 (Pdf- Dokument) 25&hellip; <\/p>\n","protected":false},"author":1,"featured_media":1628,"parent":297,"menu_order":4,"comment_status":"closed","ping_status":"closed","template":"","meta":{"footnotes":""},"class_list":["post-572","page","type-page","status-publish","has-post-thumbnail","hentry"],"_links":{"self":[{"href":"https:\/\/www.gim-witten.de\/wordpress\/wp-json\/wp\/v2\/pages\/572","targetHints":{"allow":["GET"]}}],"collection":[{"href":"https:\/\/www.gim-witten.de\/wordpress\/wp-json\/wp\/v2\/pages"}],"about":[{"href":"https:\/\/www.gim-witten.de\/wordpress\/wp-json\/wp\/v2\/types\/page"}],"author":[{"embeddable":true,"href":"https:\/\/www.gim-witten.de\/wordpress\/wp-json\/wp\/v2\/users\/1"}],"replies":[{"embeddable":true,"href":"https:\/\/www.gim-witten.de\/wordpress\/wp-json\/wp\/v2\/comments?post=572"}],"version-history":[{"count":58,"href":"https:\/\/www.gim-witten.de\/wordpress\/wp-json\/wp\/v2\/pages\/572\/revisions"}],"predecessor-version":[{"id":3813,"href":"https:\/\/www.gim-witten.de\/wordpress\/wp-json\/wp\/v2\/pages\/572\/revisions\/3813"}],"up":[{"embeddable":true,"href":"https:\/\/www.gim-witten.de\/wordpress\/wp-json\/wp\/v2\/pages\/297"}],"wp:featuredmedia":[{"embeddable":true,"href":"https:\/\/www.gim-witten.de\/wordpress\/wp-json\/wp\/v2\/media\/1628"}],"wp:attachment":[{"href":"https:\/\/www.gim-witten.de\/wordpress\/wp-json\/wp\/v2\/media?parent=572"}],"curies":[{"name":"wp","href":"https:\/\/api.w.org\/{rel}","templated":true}]}}